-4) + 3 - 112 - (-7 + 3).
-123
Calculate -28 - -1 - -24 - 33.
-36
Evaluate -44 - (-32 - (33 - 20)).
1
Calculate -5 - (-46 + -1) - (239 + -219).
22
What is the value of 17 + -5 + 7 + 22?
41
3 + -59 + (-30 + 19 - (-5 - 7))
-55
What is the value of 130 - 119 - (0 - -1 - -27) - 64?
-81
What is 73 + (1072 + -1084 - (-33 - 0))?
94
Evaluate 11 + (-6 - (-13 + 12) - (-5 - -19)).
-8
(24 - 26) + 0 + 23 - (-50 + -6)
77
Calculate (118 - 187) + -29 - -184.
86
Evaluate 20 + -3 - (7 + -3) - (-78 - -27).
64
Evaluate 4 + (-34 - ((-6 - -8) + (5 - 10) - -10)).
-37
Calculate 4 + -37 + (196 - (-43 - -108)).
98
24 + 12 + -69 + 31 + -7 - (-1 + -20)
12
What is -29 - (1 - 1 - (-31 + 33)) - (40 + -43)?
-24
Calculate -12 - (-71 - (-152 + 70)).
-23
Calculate 2 + -88 - -2 - (38 + (-16 - 30)).
-76
What is the value of -430 + 507 + -77 - ((53 - (0 - 0)) + 0)?
-53
1 + (0 - 49) - (7 - (1 + -12 + 20))
-46
Calculate (-40 - -20) + 63 + -7 + -148.
-112
Evaluate 9 + -1 + -41 - (1172 - 1240).
35
What is 47 + (-54 - 60) + 39?
-28
What is the value of -45 - (28 + (-3 - 12)) - -12?
-46
6 + -20 + (-7 - (17 + -13 + 1 + -5))
-21
What is (-47 - ((12 - 17 - 1) + 12)) + 11?
-42
63 + 93 + -9 + -64
83
57 - ((25 - (-1 + 1 + 11)) + -4)
47
What is the value of -20 + (1 - (0 + 10) - -6)?
-23
Evaluate 21 - (28 + -1) - (46 - (-5 + 5)).
-52
What is (3 - 10) + ((-3 - 12) + (-14 - -23) - 20)?
-33
What is -15 + (22 - (-6 + 33)) + 13?
-7
What is -30 + 52 + 17 + 4?
43
Evaluate 11 + 58 + -32 + -6.
31
What is the value of -46 - (-98 - (-23 + 15))?
44
Calculate (-54 - (-95 + 24)) + -35.
-18
66 + (9 - (13 + (32 - 46)))
76
Calculate -15 + 49 + -22 - -21 - 45.
-12
Calculate -2 - 2 - 121 - ((25 - 115) + 80).
-115
Calculate (3 - (-45 - 19) - 24) + 14.
57
Calculate 48 + (-72 - (13 - (22 + 27))).
12
What is (243 + -112 - 155) + -50?
-74
What is -10 - (-7 - 1 - (16 - (11 + -20 + 88)))?
-65
What is the value of -92 + 100 + (-6 - -3) + 50?
55
-163 + 79 + 98 - 5
9
Evaluate (897 - 929) + (0 - -12) + 101.
81
What is -1 - 0 - (-4018 - -4033)?
-16
(2 + (-5 - -3) - (-28 + 33 + -8)) + 72
75
What is the value of 78 + (-42 + 4 - -3)?
43
What is (-5 - -18 - (7 - (5 - 7)) - 12) + 85?
77
Evaluate -18 - (-81 + 33 - 4) - 142.
-108
Calculate (870 - 891) + (25 - 3) - (0 + 0).
1
What is 4 + 1 - (-3 - -1 - (162 + -67 - -4))?
106
What is -37 + (56 - (-33 - -61)) + -38?
-47
Evaluate 13 - (-415 + 440 - (2 - 1)).
-11
Evaluate -6 + 43 - (165 + -162).
34
Calculate (13 - 24) + 12 + 2 - -22 - 21.
4
Calculate (1 - -2) + (-12 - 108) + (17 - (-20 - -57)).
-137
What is -24 + (-106 - (92 + -127))?
-95
Calculate -46 - (-25 + 16) - -50 - (1 - -11).
1
Calculate 4 + (-21 - (-25 + -81)) + -5 + 0.
84
Calculate -235 + (192 - -107) + 9 + 1 + 1.
75
What is the value of 292 + 84 + -248 + (-26 - -1)?
103
What is the value of -68 + 58 + -10 + -17?
-37
What is the value of 213 - (-1 - -194) - (0 + 14 + -1)?
7
What is -99 - (128 + -360 + 69)?
64
Calculate 24 + 9 + 49 + 1 + (18 - -1).
102
What is the value of 1929 + -1910 + 10 + 1?
30
((-6 - -10) + 26 - 3) + -166 + 168
29
(1 - 5) + (0 + -2 - (-78 - -63))
9
What is (14 - (11 - 4) - 43) + 5 + 16?
-15
-258 + 44 + 254 - (0 + -42)
82
What is -30 - (-18 + -43 + 69)?
-38
What is the value of (1 - -27) + 1985 + -1981?
32
What is the value of -3 + -20 + (152 - 125)?
4
What is -1 + 1 + 22 + -701 + 678 + (-3 - -25)?
21
Calculate 32 + -132 + 73 - -63.
36
What is the value of 212 - 342 - (96 - 343)?
117
Calculate 95 + 109 + -54 - 84.
66
Evaluate 164 - (-14 + -54 - -148).
84
What is the value of -41 + (31 - 56) + 57?
-9
18 + 1 + -1 + (23745 - 23801)
-38
Evaluate 84 - (51 + 59 + -7).
-19
What is 31 - ((-11 - -17) + (2 - 13) + 13)?
23
What is the value of -1 + (-4 - (-17 - 3)) + -6 - (141 - 134)?
2
Evaluate 18 - 26 - -15 - -29.
36
Evaluate -6 + 3 + -6 + -11 + (-45 - -67).
2
Calculate (-122 - 19) + 111 - -151.
121
Calculate -43 + (-18 - (-83 - -10)).
12
What is (-115 + 154 - 45) + -85?
-91
Evaluate (44 + -111 - 28) + 49.
-46
What is -78 + 21 + -25 + 28 + 13 + 0?
-41
What is 14 + (24 - 18 - 38) + -22?
-40
What is 18 - (-1 + 191 + -18 - 16 - 22)?
-116
What is the value of (-1 - 21 - 8 - -55) + 50?
75
What is -15 - 0 - (7232 - 7348)?
101
Calculate -19 + (2 - (1 - 1)) + (59 - 113 - -62).
-9
What is the value of -7 + 26 + -22 + 10 + -14?
-7
Calculate 11 + -8 + 7 + 16 + -2.
24
Evaluate 9 - (21 - 19) - (7 - 17).
17
(2 - (-1 + -6)) + (1659 - 1674) - -15
9
Calculate -23 - (-14 + (45 - (-14 - -38))).
-30
Calculate -34 + (-44 + -2 - -73).
-7
What is -30 + -23 + 75 + -46?
-24
Evaluate (78 - 69) + 8 + -5 + 0.
12
What is the value of 83 + -18 + -45 + 0?
20
Evaluate (313 - -65 - 374) + (42 + -2 - 2 - 2).
40
What is 3 - 21 - (-16 - (-13 - -66))?
51
Calculate (-15 - -84) + (-17 + 49 - -1).
102
Evaluate 29 - (-9 + ((-14 - -6) + 0 - -14)).
32
Evaluate (-5 - -2 - (-5 + -5 - -11)) + 12.
8
What is the value of 26 - (-8 - -27) - 20 - 20?
-33
What is the value of 58 + (-139 - -75) + -3 + 1 + 4 + 85?
81
Calculate 188 - 150 - (2 + 9) - 27.
0
Calculate (2 - -2) + (25 - -31 - 64).
-4
-60 + (10 + -6 - -6) + 21 + -17
-46
Evaluate (5 - (71 - 53)) + 0 + -1.
-14
What is the value of -123 - ((-4 - (0 + 39)) + 36)?
-116
What is the value of (-79 + 89 - (-1 - 2) - 65) + -1 + -5?
-58
Evaluate -3 + (6 - -2) + (107 - (52 - -171)).
-111
Evaluate (455 - 412) + -54 + 1.
-10
What is the value of 2 + 11 + -12 + 4 + 1 - (76 - -33)?
-103
Calculate (229 - 191) + (-12 - 8).
18
Evaluate (5 - (0 - 3)) + (21 - 26) - (-112 + 28).
87
Evaluate -117 + (52 - (57 + -21)).
-101
Evaluate -13 + (-4 - -8) + (23 - 0 - 19).
-5
107 + (1 - 20 - (109 + -97)) + 16
92
Calculate -25 - (4 + (2 - 0 - (-9 - -10))).
-30
What is the value of (33 + -90 + 26 - -20) + 66 + 0?
55
What is -45 + (-1 - (-58 - -26)) + 127?
113
Evaluate -10 + 34 - 12 - (17 - (35 - 100)).
-70
Evaluate -62 + (-3 - 17 - (340 - 382)).
-40
What is -3 + (1 - -6) + (-11 - -21)?
14
What is the value of (2 + -43 - -2) + (-5 + 9 - -6 - 3)?
-32
Calculate -33 + (-26 - (-49 + 33)).
-43
9 + -2 + (6 - 3) - (-170 - -232)
-52
What is the value of 634 + -482 + -60 + -8?
84
13 - (14 - (12 - 8 - -17))
20
Calculate -13 - -12 - -24 - (32 + 16).
-25
What is the value of (1 - (41 + 7 - 4)) + (25 - 11 - 10)?
-39
What is the value of -27 + 4 - (47 + -150 - -36)?
44
What is (-11 - ((-61 - -62 - (-1 - 9)) + -34)) + 15?
27
-3 - -29 - 7 - (16 + 60 - -25)
-82
Evaluate 32 + -19 + 5 + 3 + 12.
33
What is the value of -147 + 73 + 129 - (1 - 13)?
67
What is the value of -69 + -12 + 89 + 101 + -3 + 0 + 6?
112
Calculate -48 + 60 + -7 + 44.
49
Evaluate ((11 - 42) + 7 - 7) + -8.
-39
Calculate 30 - (-19 - -62) - (-6 + -9).
2
(-4 - 32) + 329 + -275
18
What is -51 - (-26 - 11) - -6 - 44?
-52
What is the value of -75 + 46 + 40 - (-39 - -3 - -1)?
46
Calculate -48 - (-3 + 85 - 167).
37
Calculate (-32 - -1) + (-12 - ((0 - 46) + 317 + -296)).
-18
What is 3 + -12 + (-35 - (-1 + 1 + 26))?
-70
2 + 19 + (-378 - -337) - -15
-5
(2 - (-7 - 19)) + -115 + 126
39
What is the value of -12 + (-3 - (-28 - 7))?
20
Evaluate (28 - (-5 + 3)) + (102 + -154 - (5 + -61)).
34
What is the value of 12 + (64 - 112) - (-5 - 170)?
139
What is -26 + 0 + (1904 - 1869)?
9
What is -64 + 66 + (0 - 0) + (-6 + 9 - -2)?
7
What is the value of 48 - (9 + -15 + 25 + -7)?
36
(28 + -4 - 5) + -209 + 199
9
(4 - 3 - 1) + 1992 + -2010
-18
Calculate 66 + (8 - 10 - (16 - 8 - 13)).
69
What is the value of -127 + 0 + (373 + -404 - (-3 + 3) - -21)?
-137
What is 26 - (16 + 22) - -38?
26
What is (-142 - (93 + -194)) + 6?
-35
What is the value of 3 + (-5 - (-5 + -14)) - (-1332 - -1430)?
-81
Evaluate -26 - (-103 - (-72 - -17)).
22
What is (19 - -5) + (13 - (6 - -19)) + 65?
77
Calculate (-2 + 3 - 10) + (-51 - (50 + -61 - -46)).
-95
What is the value of -46 + 2 + 7 - 3?
-40
What is the value of 14 + 0 + 11 + (-4 - 38) + 39?
22
Calculate 20 - -49 - (-4 + 0 + 3 - -3).
67
Evaluate 9 - (-3 - 1 - 18) - (394 - 389).
26
Evaluate (-2 - -2) + -15 + (-132 - (122 - 384)).
115
Evaluate -6 + 14 + (4 - 24 - -54).
42
What is ((5 - 13 - -12) + -15 - 0) + 3?
-8
0 - 9 - (-22 + -13 + 1 + 15 + 56)
-46
What is 7 + 19 + -19 + -10 - (-1 + -3)?
1
Evaluate -11 - (23 + -31 - ((-15 + -8 - 4) + 8)).
-22
Calculate (51 - 86) + -18 + -32 + -25.
-110
Calculate (18 - (48 - (50 - 28))) + (-1 - -132).
123
Calculate 3 - (13 + 35 + 6).
-51
What is 121 + -127 